920. List the prime factors of x.
2, 5, 269
Suppose -5*m + 23 + 22 = 0. Let o be (0 + (-3)/(-2))/(m/12). Suppose 0 = 4*j + 20, 83 = -t + o*t - 2*j. List the prime factors of t.
73
Let i(r) = r + 4. Let g be i(-3). Let b be (1 - -1)/(4/(4/g)). Suppose w - 5*y = 62, 1 = b*y + 7. What are the prime factors of w?
47
Let v(n) = -54*n + 9. Let q(x) = -1. Let j = 33 - 34. Let a(b) = j*v(b) - q(b). List the prime factors of a(4).
2, 13
Suppose 11*o - 8*o = 5*g, 3*g = -o. Suppose j + h - 284 = o, -4*j + 419 = -h - 732. What are the prime factors of j?
7, 41
Suppose -2*b + 1124 = b + 4*w, 4*w = -4*b + 1500. What are the prime factors of b*(-45)/48*(-4)/3?
2, 5, 47
Suppose -2*q - 8*o + 3*o + 18562 = 0, 2 = -o. List the prime factors of q.
2, 4643
Let i(j) = 573*j**2 - 59*j + 146. List the prime factors of i(3).
2, 11, 233
Suppose 0 = -314*g + 351*g - 189255. List the prime factors of g.
3, 5, 11, 31
Let f(u) = -79*u - 5. Let y be f(-2). Let j = -71 + y. Suppose 170 = 2*d + 2*c + 2*c, d - j = -3*c. What are the prime factors of d?
7, 13
Suppose -2*t + 4*t - p - 75 = 0, t - 5*p = 24. Suppose -37*u + 8 = -t*u, 3*u = 2*q - 1506. What are the prime factors of q?
3, 83
What are the prime factors of -6 - 2079*(10 + -11)?
3, 691
Let h(y) = -334*y + 12829. List the prime factors of h(-12).
113, 149
Let u(r) = -10*r + 1 - 3 - 47*r. List the prime factors of u(-4).
2, 113
Let w(v) = 2*v**2 + 4*v + 4. Suppose -10 = -a + 9. Let g = 17 - a. List the prime factors of w(g).
2
Let q(k) = 26*k + 191. Let x be q(-7). Suppose -x*l + 6590 = 1937. What are the prime factors of l?
11, 47
Let r(i) = -30*i + 3 + 8 - 3*i**2 - 21 + 6. List the prime factors of r(-8).
2, 11
Let i be -22 - (-2 + 10)/(-2). Let f(v) = -v**3 - 17*v**2 + 19*v + 24. Let k be f(i). Suppose k*x + 231 = 13*x. What are the prime factors of x?
3, 11
Let v be ((-29)/(-116))/(2/(-664)). Let m = v - -201. List the prime factors of m.
2, 59
Let j(o) = -493*o + 757. List the prime factors of j(-9).
2, 7, 53
Let q = 291 + -202. What are the prime factors of (-2 + 2 + q)*1?
89
Suppose 22*v = 143630 + 38706. List the prime factors of v.
2, 7, 37
Let w be (-3)/15 + (-4)/5. Let k(i) = 4*i**3 + i**2 + 4*i + 3. Let h(y) = y**3 - y**2 + y - 1. Let m(v) = w*k(v) + 3*h(v). List the prime factors of m(-5).
2, 3
Suppose -135 = -2*g - 1043. Let w = 797 + g. What are the prime factors of w?
7
Suppose 2*z - i = -41 - 88, 3*z + 5*i = -187. Let s = -58 - z. List the prime factors of 11/((-33)/s)*-1*21.
2, 3, 7
Let v(y) = 22*y + 2562. What are the prime factors of v(25)?
2, 389
Suppose -5*i - 2*y = -y - 490, -3*y = -5*i + 490. What are the prime factors of (-56)/i + ((-3676)/(-14) - 0)?
2, 131
Let h be (-2 + -1 - 0)/(3/(-82)). Let p = 803 - h. What are the prime factors of p?
7, 103
Suppose 4*a - 2*l = 20666 + 4102, l - 30981 = -5*a. List the prime factors of a.
3, 5, 7, 59
Let u(o) = -18260*o + 18260*o + o**2 - 11. List the prime factors of u(8).
53
Suppose -2*g + 25902 = q, -3*q + 77706 = -475*g + 472*g. List the prime factors of q.
2, 3, 1439
Let j = -8384 + 11471. List the prime factors of j.
3, 7
Let n = -4 - -6. Let i = 4 - 0. Suppose -216 = -i*z - x + 5*x, -3*x = n*z - 93. List the prime factors of z.
3, 17
Suppose 2*x = 404*q - 400*q + 17842, -8969 = -x - 6*q. List the prime factors of x.
8933
Let j(n) = 20*n + 141. Let p be j(-7). What are the prime factors of (3*-39)/p*64/(-6)?
2, 3, 13
Suppose -35*i + 13*i + 897475 + 717479 = 0. List the prime factors of i.
3, 24469
Suppose 23275 = -10*z + 11*z - g, 6*g - 116309 = -5*z. What are the prime factors of z?
23269
Let m(o) = 5*o + 34. Let p(n) = -4*n - 35. Let y(x) = -6*m(x) - 5*p(x). Let l be y(-5). Suppose q = 2*z - 89 + l, 0 = -q. List the prime factors of z.
2, 17
Let j(l) = 17*l**3 - 10*l**2 + 10*l + 116. What are the prime factors of j(10)?
2, 2027
Let a = 200 - 194. List the prime factors of 77*(-16)/6*(-9 + a).
2, 7, 11
Let c = 44788 - 24023. What are the prime factors of c?
5, 4153
Let w(l) = 11 + 10*l + 0 + 11 + 2. Let o be w(13). Suppose 0 = -4*i + o + 346. List the prime factors of i.
5
Suppose -d + 123184 = 5*q, -229*q + 230*q = -2*d + 24644. List the prime factors of q.
2, 3, 2053
Let c(a) = -a + 11. Let v be c(7). Let x be 4/16 + -8 + (-6855)/(-20). Suppose -5*u = 5*m - x, u - m - 311 = -v*u. What are the prime factors of u?
3, 7
Let s(g) = -2*g**3 - g**2 + 2*g + 9. Let k = 31 + -31. Let b be s(k). Let d(t) = t**2 + 5*t + 13. List the prime factors of d(b).
139
Let l(o) = o**3 + 11*o**2 + 13*o - 2. Suppose 4*k = -0*k - j - 35, 23 = -k - 5*j. Let c be l(k). Let s = 152 - c. List the prime factors of s.
2, 3, 11
Let z(t) = -t**2 + 1. Let n be z(1). Suppose -g = -34 + 10. Suppose -c = 3*k - 161 + g, 4*k + 4*c - 172 = n. List the prime factors of k.
47
Suppose 3*f + 3*z + 3176 = 1154, 2*f + 1346 = -4*z. Let l = -277 - f. List the prime factors of l.
2, 199
Suppose 3*d = 4*n - 2592 - 1614, 3*n = -5*d + 3169. Suppose 0*l + n = 5*p + 2*l, 424 = 2*p - 2*l. List the prime factors of p.
211
Suppose -4*n - 20 = -52. Let m be (-24)/(-14) + n/28. Suppose 0 = -4*p + m*c + 268, 244 = -0*p + 4*p + 4*c. List the prime factors of p.
5, 13
Suppose 5807 = 2*v - 4*n - 4493, -4*n = 2*v - 10252. List the prime factors of v.
2, 7, 367
Let d = 21 - 17. Suppose 4*x - 23 = k, -x = -3*k + 4 + d. Suppose -x*l + 714 = -4*l. List the prime factors of l.
2, 7, 17
Let t = -62 + 76. Let u be (-4)/t + (-1)/((-21)/111). Suppose 0 = -w - 0*n - 5*n + 93, 349 = u*w - 4*n. What are the prime factors of w?
73
Let c(m) = m + 7. Let b be c(-3). Suppose 2*a = -4, 2*w + 31*a = 35*a + 1054. Suppose -6 = b*i + 10, 5*p - w = 2*i. List the prime factors of p.
103
Suppose -4*r + 4*t + 26508 = 2*t, 0 = -4*r - t + 26496. List the prime factors of r.
5, 53
Suppose 6*f = -f + 182. Suppose -20*p = 5*t - 19*p + 23, -4*t - f = -3*p. What are the prime factors of 41/1 - t*(-12)/30?
3, 13
Let z(c) = -c**3 + 78*c**2 - 30*c + 1. What are the prime factors of z(51)?
2, 7, 701
Suppose 6*z - 8*z + 3*j + 27640 = 0, 0 = 6*z - 4*j - 82920. List the prime factors of z.
2, 5, 691
Let t(j) = 30*j**2 + 1604*j - 18. What are the prime factors of t(4)?
2, 19, 181
Let o(z) = -22*z - 182. Let v be o(-11). List the prime factors of (534/(-9) - 2)*(-495)/v.
2, 11, 23
Let w = -28333 + 45682. What are the prime factors of w?
3, 5783
Suppose -6171*u + 6117*u + 3665142 = 0. List the prime factors of u.
13, 23, 227
Suppose 0 = -5*w - v - 390 + 1464, 0 = -5*w + 5*v + 1050. Suppose 3*t - 5*q - 1337 = w, -5*t = q - 2585. List the prime factors of t.
11, 47
Let r(s) = -35557*s - 437. List the prime factors of r(-1).
2, 5, 439
Let l(b) = -7*b**2 + 3*b**3 - 2*b**3 - 7*b**2 - 2*b**3 + 3*b. Let c be l(-14). Let a = 143 + c. What are the prime factors of a?
101
Let q = -5874 + 11581. Suppose 14*s - q = 1181. List the prime factors of s.
2, 3, 41
Let k = -39567 + 57984. List the prime factors of k.
3, 7, 877
Suppose -10*j - 7 + 7 = 0. Let g(w) = -w**3 + w**2 - 3*w - 20. Let z be g(j). List the prime factors of (-6192)/z + 16/(-10) + 2.
2, 5, 31
What are the prime factors of ((-264)/11 + -6)/(6/(-7005))?
3, 5, 467
Let v = -113 - -44. What are the prime factors of (5 - v/(-9))*-12?
2
Let m = 27 - -397. Suppose -m = -4*p + 1556. List the prime factors of p.
3, 5, 11
Suppose -2264 = -0*a + 4*a - 9140. What are the prime factors of a?
3, 191
Let i(y) = -y**3 - 4*y**2 - 8*y - 30. Let q be i(-4). List the prime factors of (-5256)/(-48) + (-1)/q.
109
Suppose -4 = -5*k + 4*o, -2*k = -k + 2*o - 12. Suppose 2*c - k*c + 294 = 0. Suppose -c = -0*p - 3*p. List the prime factors of p.
7
Suppose 68*l + 18444 = 80*l. Let p = l + 45. List the prime factors of p.
2, 7, 113
Let v = 130288 + -73673. What are the prime factors of v?
5, 13, 67
List the prime factors of 32325 + (159/(-15) - -2) + (-40)/100.
2, 3, 2693
What are the prime factors of ((-8969)/(-4))/((-23)/(-92))?
8969
Let b be ((-6)/15)/((-2)/10) - -2. Suppose -57*p + 61*p = -b. List the prime factors of 27 - ((p - -2) + -1).
3
Let d be 25/4 - 60/240. Suppose 3*x = 2*l - 2356, -d*l = -5*l - 5*x - 1192. List the prime factors of l.
2, 293
Suppose -5*g + 4*b = -80, 8*b + 64 = 4*g + 3*b. Let z(c) = -c**2 - 8 - 5 - g*c - 14 + 1. What are the prime factors of z(-14)?
2
Let p be (-11)/2 + (-8)/(-16) + -102. Let y